be 6 - (2/21 + 164/42). Let m = -7 - -12. Suppose 188 = m*j + 4*b, -j = r*j - b - 123. What is the remainder when j is divided by 22?
18
Suppose -200 = -2*o + 4*l, -o + 486*l = 483*l - 101. Calculate the remainder when 371 is divided by o.
77
Let j be (3/7 - 1)/(48/(-168)). Suppose -3*h - g + 91 = -168, j*h = -3*g + 175. Calculate the remainder when h is divided by 36.
14
Let k(g) = g**3 - 7*g**2 - 15*g - 20. Let y be k(9). Let w(c) = -c**3 + 7*c**2 - c + 13. What is the remainder when 119 is divided by w(y)?
5
Let a be (5 - 5)/(12 + -10). Suppose a = -4*r - 3*x + 18, -10 = -6*x + x. What is the remainder when 40 is divided by r?
1
Suppose -4*l + 15*l = -5*l + 5792. What is the remainder when l is divided by 15?
2
Let k(n) = n**3 - 17*n**2 + 21*n - 17. Let r be k(13). Let q = 466 + r. What is the remainder when q is divided by 8?
6
Suppose -5*o + 943 = 5*j - 272, 0 = -14*j + 4*o + 3528. Calculate the remainder when j is divided by 36.
34
Suppose 159*s - 13*s - 48139 = -153*s. What is the remainder when 598 is divided by s?
115
Let h = 32 + -2. Suppose 156*g - 155*g - 76 = 0. What is the remainder when 243/(-54)*g/(-6) is divided by h?
27
Let y = -262 + 446. Let g(q) = -9*q**3 - 61*q**2 + 9*q - 4. What is the remainder when y is divided by g(-7)?
29
Suppose 4*i - 216 = 5*u, u - 28 = -i + 35. Suppose -42 = -4*v + 3*d, -5*d + 2*d = 6. What is the remainder when i is divided by v?
5
Let l(x) = x**3 + 2*x**2 + 5*x + 3. Let z be l(-3). Let k = z - -58. Calculate the remainder when k is divided by (-101 + 103)*(2 - -2).
5
Suppose 10*z = -299*z + 881577. What is the remainder when z is divided by 21?
18
Let s(f) = 14*f + 146. Let p be s(-43). Let t = p - -540. Calculate the remainder when 416 is divided by t.
80
Let j(t) be the third derivative of -5*t**4/12 + t**3/3 + t**2. Suppose 3*v - 5 = -2*k, 0 = -k + 9*v + 40 - 6. What is the remainder when j(-3) is divided by k?
4
Suppose -7*t + 18294 - 2117 = 0. What is the remainder when t is divided by 34?
33
Suppose -21380 = -5*q - 5*c, -3*q + 7712 + 5067 = -4*c. What is the remainder when q is divided by 70?
69
Suppose -2*u + 3*u - v + 10 = 0, 0 = 2*u + v + 35. Let p(s) = 2*s - 8. Let t be p(6). What is the remainder when (-40)/u + t/(-6) is divided by 1?
0
Let q = -282 - -127. Let p = q - -184. Calculate the remainder when p is divided by 17.
12
Let x = -2301 + 2341. What is the remainder when 45 is divided by x?
5
Suppose 3*t = -4*p + 11 + 14, 5*t + 5 = 0. Calculate the remainder when 202 is divided by p.
6
Let n be 2/1*-1 - 58. Suppose 177 = 208*p - 3157 - 14554. Let x = n + p. Calculate the remainder when 125 is divided by x.
21
Let l = -10563 + 13382. Calculate the remainder when l is divided by 31.
29
Let n(i) = i**2 - 50*i + 65. Calculate the remainder when 197 is divided by n(49).
5
Let g be (1 - 0)*4/2. Suppose -d - 2*m + 1 = 0, -17 = -g*d - 4*m + 5*m. Suppose -d*r = -2*r - 270. What is the remainder when r is divided by 19?
16
Let o(t) = 4*t**2 + 4*t - 134. Let j be o(7). What is the remainder when 378 is divided by 432/j*(0 - -5)?
18
Let w(i) = i**3 + 30*i**2 - 68*i - 131. Let q be w(-32). What is the remainder when 22 is divided by q/(5 - 14/4)*-2?
2
Let g(p) = p**3 + p**2 + 12*p - 27. Let v(w) = 34*w - 1. What is the remainder when v(1) is divided by g(2)?
6
Let l = -48 - -124. Let d = l - 87. Let o(c) = c**3 + 12*c**2 + 9*c - 7. Calculate the remainder when 27 is divided by o(d).
12
Let f = 1711 - 1665. Calculate the remainder when 306 is divided by f.
30
Let z = -53 - -81. Suppose z*v + 348 = 40*v. Calculate the remainder when 227 is divided by v.
24
Let g(z) = -3*z**3 - 5*z**2 - 38*z - 16. Calculate the remainder when 1236 is divided by g(-4).
244
Let w = 8652 + -7681. What is the remainder when w is divided by 152?
59
Let b(g) = -124*g + 8381. What is the remainder when 1135 is divided by b(65)?
172
Let s = 537 - 489. Calculate the remainder when (0 + (s/(-10))/(-4))*5 is divided by 5.
1
Let q(a) be the first derivative of 10*a**3/3 - 2*a**2 + 4*a + 1. Suppose w + 311 - 374 = -2*c, -4*w = -20. Calculate the remainder when q(3) is divided by c.
24
Let q = 1591 + -1579. Calculate the remainder when 46 is divided by q.
10
Let m(l) = -l**3 - 5*l**2 - 6*l - 2. Let y(q) = -2*q**2 - 9*q + 16. Let j be y(-9). Let c = j + 67. Calculate the remainder when m(-4) is divided by c.
0
Let s be (20/6)/((-6)/(-27)). Let h = s - 22. Calculate the remainder when 93 is divided by (-3 + h + -2)/(-1).
9
Let v(c) = 2*c**2 + 3*c. Let z be v(-4). Let b = z - 13. Suppose -17 = -8*s + b*s. What is the remainder when s is divided by 10?
7
Suppose -3*o + 3*m = -381, -25 = o - 2*m - 155. Let y = 140 + -70. Let v = -45 + y. What is the remainder when o is divided by v?
24
What is the remainder when 81 is divided by (208/56)/(8/7 - 1)?
3
Suppose -2*m - 9 = -3*d, -10 = -2*d - 0*d. Suppose 345 = 5*x - 5*l, -m*x = x + 3*l - 276. Let s = x - -21. Calculate the remainder when s is divided by 13.
12
Suppose 33*z - 16*z = 68. Calculate the remainder when 19 is divided by z.
3
Let r = -255 - -1198. Suppose r = 19*v - 140. Calculate the remainder when 339 is divided by v.
54
Let s be -4 + ((-18)/(-3)*2 - 0). Suppose s = i - 10. Calculate the remainder when i is divided by 8.
2
Suppose 4*p = 30*x - 35*x + 797, p - 178 = 3*x. Calculate the remainder when p is divided by -1*(-1 + 0 - 64).
63
Suppose 16*y + 13*y - 87 = 0. Let x(w) = w**2 - 7*w + 18. Calculate the remainder when x(10) is divided by y.
0
Suppose 10 = -r + 15. Suppose -169 - 281 = -r*p. Let v = p + -35. Calculate the remainder when v is divided by 19.
17
Let f = -2770 - -2816. What is the remainder when 290 is divided by f?
14
Let a(s) = 5*s**2 + s - 2. Let c be (-5)/(-20)*1 + (-12)/(-16). Calculate the remainder when a(c) is divided by 2.
0
Suppose 3*o - 136 + 112 = 0. What is the remainder when 5*(-6 - (-354)/30) is divided by o?
5
Let z be -12*129*3/27. Suppose -132*l - 889 = -139*l. What is the remainder when l is divided by 1/((20/z)/(-5))?
41
Suppose 0*h - 8203 = -41*h + 4015. What is the remainder when h is divided by 21?
4
Let c = 151 - 148. What is the remainder when 21/63 + c/(9/38) is divided by 7?
6
Suppose -7*h = -19*h + 1296. Suppose -h = -14*p + 130. Suppose 0*w + w = 4*c + 85, 5*c = 2*w - 155. Calculate the remainder when w is divided by p.
14
Suppose 0 = 52*d - 40*d - 1765 - 623. What is the remainder when 1004 is divided by d?
9
Suppose -8768 = 60*n - 25928. Calculate the remainder when n is divided by 48.
46
Suppose 5*v - 3*t = 80, 0 = 7*t - 3*t - 20. Suppose 5*o = -10*o + 2190. What is the remainder when o is divided by v?
13
Calculate the remainder when 3676 is divided by 12*(-6)/(-468) - 384/(-39).
6
Suppose 0 = 12*y - 24659 - 85621. Calculate the remainder when y is divided by 29.
26
Let f = -7 - -367. Let c = 369 - f. Calculate the remainder when 14 is divided by c.
5
Suppose -2*x - 4 = -q - 3*x, 5*x = -q - 12. Suppose -q*r + 3*r = 0. Suppose 38*w - 35*w - 36 = r. Calculate the remainder when 23 is divided by w.
11
Suppose -5*u = -4*m - 9*u - 3044, -u + 751 = -m. Let z = m + 817. What is the remainder when 120 is divided by z?
59
Let t(d) = 25*d - 872. What is the remainder when 1267 is divided by t(37)?
48
Suppose 1804 = 15*a - 3956. What is the remainder when 1548 is divided by a?
12
Suppose 5*p - 200 - 734 = -209. What is the remainder when p is divided by 43?
16
Suppose 11*l = -25*l - 540. What is the remainder when -7 + (529 - (l - -9)) is divided by 59?
56
Let i be 27/4 + -2 + 7/28. Let w be -1*((5 - i) + -3). Suppose 0 = 3*g - 12, -5*g = -0*l - w*l + 25. What is the remainder when 44 is divided by l?
14
Calculate the remainder when 19780 is divided by -18*7*(-16)/32.
61
Suppose q = 5, -54 - 6 = 5*j - 5*q. Let z(s) = -7 - 88*s + 9 + 0 + 11 + 87*s. What is the remainder when 99 is divided by z(j)?
19
Let a(x) = -144*x - 898. What is the remainder when a(-11) is divided by 302?
82
Let a(f) = 27*f**2 - 2*f - 1. Let c = -6446 + 6491. Calculate the remainder when a(-2) is divided by c.
21
Let r(u) be the first derivative of 13*u**2 + 15*u + 8. Let f(t) = -t. Let a(b) = 3*f(b) + r(b). What is the remainder when a(3) is divided by 23?
15
Let p = 9975 - 9113. Calculate the remainder when p is divided by 220.
202
Let y = 3832 - 3812. What is t